{"id":12,"date":"2022-12-16T09:31:39","date_gmt":"2022-12-16T13:31:39","guid":{"rendered":"https:\/\/app.procitas.com\/?page_id=12"},"modified":"2023-05-04T20:25:25","modified_gmt":"2023-05-05T00:25:25","slug":"bournigal","status":"publish","type":"page","link":"https:\/\/centromedico.procitas.com.do\/en\/bournigal\/","title":{"rendered":"Bournigal"},"content":{"rendered":"<p>[et_pb_section fb_built=\u00bb1&#8243; _builder_version=\u00bb4.18.1&#8243; _module_preset=\u00bbdefault\u00bb global_colors_info=\u00bb{}\u00bb][et_pb_row column_structure=\u00bb1_2,1_2&#8243; make_equal=\u00bbon\u00bb disabled_on=\u00bboff|off|off\u00bb _builder_version=\u00bb4.19.4&#8243; _module_preset=\u00bbdefault\u00bb width=\u00bb100%\u00bb width_tablet=\u00bb70%\u00bb width_phone=\u00bb80%\u00bb width_last_edited=\u00bbon|phone\u00bb max_width=\u00bb80%\u00bb module_alignment=\u00bbcenter\u00bb custom_padding=\u00bb||0px|||\u00bb global_colors_info=\u00bb{}\u00bb][et_pb_column type=\u00bb1_2&#8243; disabled_on=\u00bboff|off|off\u00bb _builder_version=\u00bb4.19.4&#8243; _module_preset=\u00bbdefault\u00bb background_enable_color=\u00bboff\u00bb background_enable_image=\u00bboff\u00bb custom_padding=\u00bb|1em||1em|false|true\u00bb background_last_edited=\u00bboff|desktop\u00bb background_image_tablet=\u00bbhttps:\/\/centromedico.procitas.com.do\/wp-content\/uploads\/2023\/01\/inicio-pic-for-Centro-Medico-Puerto-Plata-y-Punta-Cana.webp\u00bb background_enable_image_tablet=\u00bbon\u00bb border_radii=\u00bbon|38px|38px|38px|38px\u00bb global_colors_info=\u00bb{}\u00bb][et_pb_slider _builder_version=\u00bb4.21.0&#8243; _module_preset=\u00bbdefault\u00bb custom_padding=\u00bb||292px|||\u00bb auto=\u00bbon\u00bb border_radii=\u00bbon|30px|30px|30px|30px\u00bb global_colors_info=\u00bb{}\u00bb][et_pb_slide _builder_version=\u00bb4.21.0&#8243; _module_preset=\u00bbdefault\u00bb background_enable_color=\u00bboff\u00bb background_image=\u00bbhttps:\/\/centromedico.procitas.com.do\/wp-content\/uploads\/2023\/04\/WB-Centro-Medico-Bournigal-inicio.webp\u00bb background_enable_image=\u00bbon\u00bb global_colors_info=\u00bb{}\u00bb sticky_transition=\u00bbon\u00bb][\/et_pb_slide][et_pb_slide _builder_version=\u00bb4.21.0&#8243; _module_preset=\u00bbdefault\u00bb background_enable_color=\u00bboff\u00bb background_image=\u00bbhttps:\/\/centromedico.procitas.com.do\/wp-content\/uploads\/2022\/12\/centro-medico-bournigal-puerto-plata.webp\u00bb background_enable_image=\u00bbon\u00bb global_colors_info=\u00bb{}\u00bb sticky_transition=\u00bbon\u00bb][\/et_pb_slide][et_pb_slide _builder_version=\u00bb4.21.0&#8243; _module_preset=\u00bbdefault\u00bb background_enable_color=\u00bboff\u00bb background_image=\u00bbhttps:\/\/centromedico.procitas.com.do\/wp-content\/uploads\/2023\/01\/Grupo-Rascue-Bournigal-Centro.webp\u00bb background_enable_image=\u00bbon\u00bb global_colors_info=\u00bb{}\u00bb sticky_transition=\u00bbon\u00bb][\/et_pb_slide][et_pb_slide _builder_version=\u00bb4.21.0&#8243; _module_preset=\u00bbdefault\u00bb background_enable_color=\u00bboff\u00bb background_image=\u00bbhttps:\/\/centromedico.procitas.com.do\/wp-content\/uploads\/2022\/12\/resonancia-centro-medico-bournigal-puerto-plata.webp\u00bb background_enable_image=\u00bbon\u00bb global_colors_info=\u00bb{}\u00bb sticky_transition=\u00bbon\u00bb][\/et_pb_slide][\/et_pb_slider][\/et_pb_column][et_pb_column type=\u00bb1_2&#8243; _builder_version=\u00bb4.19.4&#8243; _module_preset=\u00bbdefault\u00bb background_color=\u00bb#0079c1&#8243; custom_padding=\u00bb|1em||1em|false|true\u00bb border_radii=\u00bbon|38px|38px|38px|38px\u00bb global_colors_info=\u00bb{}\u00bb][et_pb_text _builder_version=\u00bb4.20.2&#8243; _module_preset=\u00bbdefault\u00bb text_font=\u00bb||||||||\u00bb text_text_color=\u00bb#FFFFFF\u00bb text_font_size=\u00bb15px\u00bb text_line_height=\u00bb1.6em\u00bb header_4_font=\u00bb|700||on|||||\u00bb header_4_text_align=\u00bbcenter\u00bb header_4_text_color=\u00bb#FFFFFF\u00bb header_4_font_size=\u00bb1.5em\u00bb header_5_font=\u00bb|||on|||||\u00bb header_5_text_align=\u00bbcenter\u00bb header_5_text_color=\u00bb#FFFFFF\u00bb header_5_font_size=\u00bb1.3em\u00bb custom_margin=\u00bb||-2px|||\u00bb custom_padding=\u00bb2rem||2rem||true|false\u00bb custom_padding_tablet=\u00bb4rem||4rem||true|false\u00bb custom_padding_phone=\u00bb4rem||4rem||true|false\u00bb custom_padding_last_edited=\u00bboff|desktop\u00bb global_colors_info=\u00bb{}\u00bb]<\/p>\n<h4 style=\"text-align: center;\"><strong>Who we are<\/strong><\/h4>\n<p style=\"text-align: center;\"><span>Member of Grupo Rescue, the leading medical network in the Dominican Republic, focused on the clear vision of being a comprehensive health center that satisfies the health needs of the community and foreigners who visit us, which has allowed us to be the largest private clinic on the north and east coast.<\/span><span><br \/><\/span><\/p>\n<p style=\"text-align: center;\"><span><img loading=\"lazy\" decoding=\"async\" src=\"https:\/\/centromedico.procitas.com.do\/wp-content\/uploads\/2023\/03\/Centro-Medico-Grupo-Rescue-Logo.png\" width=\"174\" height=\"103\" alt=\"\" class=\"wp-image-245176 alignnone size-full\" \/><\/span><\/p>\n<p>[\/et_pb_text][\/et_pb_column][\/et_pb_row][\/et_pb_section][et_pb_section fb_built=\u00bb1&#8243; _builder_version=\u00bb4.19.4&#8243; _module_preset=\u00bbdefault\u00bb global_colors_info=\u00bb{}\u00bb][et_pb_row _builder_version=\u00bb4.20.2&#8243; _module_preset=\u00bbdefault\u00bb global_colors_info=\u00bb{}\u00bb][et_pb_column type=\u00bb4_4&#8243; _builder_version=\u00bb4.19.4&#8243; _module_preset=\u00bbdefault\u00bb global_colors_info=\u00bb{}\u00bb][et_pb_toggle title=\u00bbInformaci\u00f3n Adicional\u00bb open_toggle_text_color=\u00bb#000000&#8243; closed_toggle_background_color=\u00bb#0079c1&#8243; icon_color=\u00bb#7ac142&#8243; _builder_version=\u00bb4.20.4&#8243; _module_preset=\u00bbdefault\u00bb title_text_color=\u00bb#FFFFFF\u00bb title_font=\u00bb|600|||||||\u00bb title_font_size=\u00bb19px\u00bb global_colors_info=\u00bb{}\u00bb]<span style=\"color: #000000;\"><strong><span style=\"color: #339966;\">Address:<\/span> <\/strong>Calle Antera Mota No. 01, San Felipe de Puerto Plata Puerto Plata, Republica Dominicana 57000<\/span><\/p>\n<p><span style=\"color: #339966;\"><strong>Phone: <\/strong><span style=\"color: #35a3f2;\"><a href=\"tel:(809) 586-2342\"> +1 (809) 586-23426<\/a><\/span><\/p>\n<p><strong><span style=\"color: #339966;\">Email: <\/span><\/strong><span style=\"color: #000000;\"><a href=\"mailto:cliente.cmbo@gruporescue.com\">cliente.cmbo@gruporescue.com<\/a><\/span><\/p>\n<p><span style=\"color: #000000;\"><span style=\"color: #339966;\"><strong>Follow Us<\/strong>:<\/span> <a href=\"https:\/\/www.instagram.com\/centromedicobournigal\/?hl=en\" target=\"_blank\" rel=\"noopener nofollow\">Instagram<\/a> &amp; <\/span><a href=\"https:\/\/web.facebook.com\/centromedicobournigal\/?locale=es_LA&amp;_rdc=1&amp;_rdr\" target=\"_blank\" rel=\"noopener nofollow\">Facebook<\/a>[\/et_pb_toggle][\/et_pb_column][\/et_pb_row][\/et_pb_section][et_pb_section fb_built=\u00bb1&#8243; _builder_version=\u00bb4.19.0&#8243; _module_preset=\u00bbdefault\u00bb custom_padding=\u00bb19px||19px||true|\u00bb global_colors_info=\u00bb{}\u00bb][et_pb_row _builder_version=\u00bb4.19.0&#8243; _module_preset=\u00bbdefault\u00bb custom_margin=\u00bb-93px|auto||auto||\u00bb global_colors_info=\u00bb{}\u00bb][et_pb_column type=\u00bb4_4&#8243; _builder_version=\u00bb4.19.0&#8243; _module_preset=\u00bbdefault\u00bb global_colors_info=\u00bb{}\u00bb][et_pb_text _builder_version=\u00bb4.19.0&#8243; _module_preset=\u00bbdefault\u00bb custom_margin=\u00bb43px|||||\u00bb global_colors_info=\u00bb{}\u00bb]<\/p>\n<h3 style=\"text-align: center;\"><strong>Our Location<\/strong><\/h3>\n<p>[\/et_pb_text][\/et_pb_column][\/et_pb_row][\/et_pb_section][et_pb_section fb_built=\u00bb1&#8243; _builder_version=\u00bb4.18.1&#8243; _module_preset=\u00bbdefault\u00bb custom_padding=\u00bb0px||0px|||\u00bb global_colors_info=\u00bb{}\u00bb][et_pb_row _builder_version=\u00bb4.20.2&#8243; _module_preset=\u00bbdefault\u00bb width=\u00bb100%\u00bb max_width=\u00bb100%\u00bb custom_padding=\u00bb0px||0px|||\u00bb global_colors_info=\u00bb{}\u00bb][et_pb_column type=\u00bb4_4&#8243; _builder_version=\u00bb4.18.1&#8243; _module_preset=\u00bbdefault\u00bb global_colors_info=\u00bb{}\u00bb][et_pb_code _builder_version=\u00bb4.20.2&#8243; _module_preset=\u00bbdefault\u00bb global_colors_info=\u00bb{}\u00bb]<iframe src=\"https:\/\/www.google.com\/maps\/embed?pb=!1m14!1m8!1m3!1d938.5222764713332!2d-70.688665!3d19.793819!3m2!1i1024!2i768!4f13.1!3m3!1m2!1s0x0%3A0x5a04fdc0c94d121e!2sCentro%20Medico%20Dr%20Bournigal!5e0!3m2!1sen!2sus!4v1673116089677!5m2!1sen!2sus\" width=\"1100\" height=\"450\" style=\"border:0;\" allowfullscreen=\"\" loading=\"lazy\" referrerpolicy=\"no-referrer-when-downgrade\"><\/iframe>[\/et_pb_code][\/et_pb_column][\/et_pb_row][\/et_pb_section]<\/p>","protected":false},"excerpt":{"rendered":"<p>Qui\u00e9nes Somos Miembro del Grupo Rescue, la Red M\u00e9dica l\u00edder en la Rep\u00fablica Dominicana, enfocados en la clara visi\u00f3n de ser un centro de salud integral que satisface las necesidades de salud de la comunidad y el extranjero que nos visita, lo que nos ha permitido ser la cl\u00ednica privada m\u00e1s grande de la costa [&hellip;]<\/p>","protected":false},"author":4,"featured_media":0,"parent":0,"menu_order":0,"comment_status":"closed","ping_status":"closed","template":"","meta":{"_et_pb_use_builder":"on","_et_pb_old_content":"<!-- wp:divi\/placeholder \/-->","_et_gb_content_width":"","footnotes":""},"class_list":["post-12","page","type-page","status-publish","hentry"],"_links":{"self":[{"href":"https:\/\/centromedico.procitas.com.do\/en\/wp-json\/wp\/v2\/pages\/12","targetHints":{"allow":["GET"]}}],"collection":[{"href":"https:\/\/centromedico.procitas.com.do\/en\/wp-json\/wp\/v2\/pages"}],"about":[{"href":"https:\/\/centromedico.procitas.com.do\/en\/wp-json\/wp\/v2\/types\/page"}],"author":[{"embeddable":true,"href":"https:\/\/centromedico.procitas.com.do\/en\/wp-json\/wp\/v2\/users\/4"}],"replies":[{"embeddable":true,"href":"https:\/\/centromedico.procitas.com.do\/en\/wp-json\/wp\/v2\/comments?post=12"}],"version-history":[{"count":0,"href":"https:\/\/centromedico.procitas.com.do\/en\/wp-json\/wp\/v2\/pages\/12\/revisions"}],"wp:attachment":[{"href":"https:\/\/centromedico.procitas.com.do\/en\/wp-json\/wp\/v2\/media?parent=12"}],"curies":[{"name":"wp","href":"https:\/\/api.w.org\/{rel}","templated":true}]}}

<p>[et_pb_section fb_built=»1&#8243; _builder_version=»4.18.1&#8243; _module_preset=»default» global_colors_info=»{}»][et_pb_row column_structure=»1_2,1_2&#8243; make_equal=»on» disabled_on=»off|off|off» _builder_version=»4.19.4&#8243; _module_preset=»default» width=»100%» width_tablet=»70%» width_phone=»80%» width_last_edited=»on|phone» max_width=»80%» module_alignment=»center» custom_padding=»||0px|||» global_colors_info=»{}»][et_pb_column type=»1_2&#8243; disabled_on=»off|off|off» _builder_version=»4.19.4&#8243; _module_preset=»default» background_enable_color=»off» background_enable_image=»off» custom_padding=»|1em||1em|false|true» background_last_edited=»off|desktop» background_image_tablet=»https://centromedico.procitas.com.do/wp-content/uploads/2023/01/inicio-pic-for-Centro-Medico-Puerto-Plata-y-Punta-Cana.webp» background_enable_image_tablet=»on» border_radii=»on|38px|38px|38px|38px» global_colors_info=»{}»][et_pb_slider _builder_version=»4.21.0&#8243; _module_preset=»default» custom_padding=»||292px|||» auto=»on» border_radii=»on|30px|30px|30px|30px» global_colors_info=»{}»][et_pb_slide _builder_version=»4.21.0&#8243; _module_preset=»default» background_enable_color=»off» background_image=»https://centromedico.procitas.com.do/wp-content/uploads/2023/04/WB-Centro-Medico-Bournigal-inicio.webp» background_enable_image=»on» global_colors_info=»{}» sticky_transition=»on»][/et_pb_slide][et_pb_slide _builder_version=»4.21.0&#8243; _module_preset=»default» background_enable_color=»off» background_image=»https://centromedico.procitas.com.do/wp-content/uploads/2022/12/centro-medico-bournigal-puerto-plata.webp» background_enable_image=»on» global_colors_info=»{}» sticky_transition=»on»][/et_pb_slide][et_pb_slide _builder_version=»4.21.0&#8243; _module_preset=»default» background_enable_color=»off» background_image=»https://centromedico.procitas.com.do/wp-content/uploads/2023/01/Grupo-Rascue-Bournigal-Centro.webp» background_enable_image=»on» global_colors_info=»{}» sticky_transition=»on»][/et_pb_slide][et_pb_slide _builder_version=»4.21.0&#8243; _module_preset=»default» background_enable_color=»off» background_image=»https://centromedico.procitas.com.do/wp-content/uploads/2022/12/resonancia-centro-medico-bournigal-puerto-plata.webp» background_enable_image=»on» global_colors_info=»{}» sticky_transition=»on»][/et_pb_slide][/et_pb_slider][/et_pb_column][et_pb_column type=»1_2&#8243; _builder_version=»4.19.4&#8243; _module_preset=»default» background_color=»#0079c1&#8243; custom_padding=»|1em||1em|false|true» border_radii=»on|38px|38px|38px|38px» global_colors_info=»{}»][et_pb_text _builder_version=»4.20.2&#8243; _module_preset=»default» text_font=»||||||||» text_text_color=»#FFFFFF» text_font_size=»15px» text_line_height=»1.6em» header_4_font=»|700||on|||||» header_4_text_align=»center» header_4_text_color=»#FFFFFF» header_4_font_size=»1.5em» header_5_font=»|||on|||||» header_5_text_align=»center» header_5_text_color=»#FFFFFF» header_5_font_size=»1.3em» custom_margin=»||-2px|||» custom_padding=»2rem||2rem||true|false» custom_padding_tablet=»4rem||4rem||true|false» custom_padding_phone=»4rem||4rem||true|false» custom_padding_last_edited=»off|desktop» global_colors_info=»{}»]</p>
<h4 style="text-align: center;"><strong>Who we are</strong></h4>
<p style="text-align: center;"><span>Member of Grupo Rescue, the leading medical network in the Dominican Republic, focused on the clear vision of being a comprehensive health center that satisfies the health needs of the community and foreigners who visit us, which has allowed us to be the largest private clinic on the north and east coast.</span><span><br /></span></p>
<p style="text-align: center;"><span><img loading="lazy" decoding="async" src="https://centromedico.procitas.com.do/wp-content/uploads/2023/03/Centro-Medico-Grupo-Rescue-Logo.png" width="174" height="103" alt="" class="wp-image-245176 alignnone size-full" /></span></p>
<p>[/et_pb_text][/et_pb_column][/et_pb_row][/et_pb_section][et_pb_section fb_built=»1&#8243; _builder_version=»4.19.4&#8243; _module_preset=»default» global_colors_info=»{}»][et_pb_row _builder_version=»4.20.2&#8243; _module_preset=»default» global_colors_info=»{}»][et_pb_column type=»4_4&#8243; _builder_version=»4.19.4&#8243; _module_preset=»default» global_colors_info=»{}»][et_pb_toggle title=»Información Adicional» open_toggle_text_color=»#000000&#8243; closed_toggle_background_color=»#0079c1&#8243; icon_color=»#7ac142&#8243; _builder_version=»4.20.4&#8243; _module_preset=»default» title_text_color=»#FFFFFF» title_font=»|600|||||||» title_font_size=»19px» global_colors_info=»{}»]<span style="color: #000000;"><strong><span style="color: #339966;">Address:</span> </strong>Calle Antera Mota No. 01, San Felipe de Puerto Plata Puerto Plata, Republica Dominicana 57000</span></p>
<p><span style="color: #339966;"><strong>Phone: </strong><span style="color: #35a3f2;"><a href="tel:(809) 586-2342"> +1 (809) 586-23426</a></span></p>
<p><strong><span style="color: #339966;">Email: </span></strong><span style="color: #000000;"><a href="mailto:cliente.cmbo@gruporescue.com">cliente.cmbo@gruporescue.com</a></span></p>
<p><span style="color: #000000;"><span style="color: #339966;"><strong>Follow Us</strong>:</span> <a href="https://www.instagram.com/centromedicobournigal/?hl=en" target="_blank" rel="noopener nofollow">Instagram</a> &amp; </span><a href="https://web.facebook.com/centromedicobournigal/?locale=es_LA&amp;_rdc=1&amp;_rdr" target="_blank" rel="noopener nofollow">Facebook</a>[/et_pb_toggle][/et_pb_column][/et_pb_row][/et_pb_section][et_pb_section fb_built=»1&#8243; _builder_version=»4.19.0&#8243; _module_preset=»default» custom_padding=»19px||19px||true|» global_colors_info=»{}»][et_pb_row _builder_version=»4.19.0&#8243; _module_preset=»default» custom_margin=»-93px|auto||auto||» global_colors_info=»{}»][et_pb_column type=»4_4&#8243; _builder_version=»4.19.0&#8243; _module_preset=»default» global_colors_info=»{}»][et_pb_text _builder_version=»4.19.0&#8243; _module_preset=»default» custom_margin=»43px|||||» global_colors_info=»{}»]</p>
<h3 style="text-align: center;"><strong>Our Location</strong></h3>
<p>[/et_pb_text][/et_pb_column][/et_pb_row][/et_pb_section][et_pb_section fb_built=»1&#8243; _builder_version=»4.18.1&#8243; _module_preset=»default» custom_padding=»0px||0px|||» global_colors_info=»{}»][et_pb_row _builder_version=»4.20.2&#8243; _module_preset=»default» width=»100%» max_width=»100%» custom_padding=»0px||0px|||» global_colors_info=»{}»][et_pb_column type=»4_4&#8243; _builder_version=»4.18.1&#8243; _module_preset=»default» global_colors_info=»{}»][et_pb_code _builder_version=»4.20.2&#8243; _module_preset=»default» global_colors_info=»{}»]<iframe src="https://www.google.com/maps/embed?pb=!1m14!1m8!1m3!1d938.5222764713332!2d-70.688665!3d19.793819!3m2!1i1024!2i768!4f13.1!3m3!1m2!1s0x0%3A0x5a04fdc0c94d121e!2sCentro%20Medico%20Dr%20Bournigal!5e0!3m2!1sen!2sus!4v1673116089677!5m2!1sen!2sus" width="1100" height="450" style="border:0;" allowfullscreen="" loading="lazy" referrerpolicy="no-referrer-when-downgrade"></iframe>[/et_pb_code][/et_pb_column][/et_pb_row][/et_pb_section]</p>

<p>Quiénes Somos Miembro del Grupo Rescue, la Red Médica líder en la República Dominicana, enfocados en la clara visión de ser un centro de salud integral que satisface las necesidades de salud de la comunidad y el extranjero que nos visita, lo que nos ha permitido ser la clínica privada más grande de la costa [&hellip;]</p>
